{"id":120578,"date":"2025-05-20T13:56:16","date_gmt":"2025-05-20T16:56:16","guid":{"rendered":"https:\/\/beta.marketingdigitalmedicos.com.br\/ruben-berta\/?page_id=120578"},"modified":"2025-05-21T10:39:45","modified_gmt":"2025-05-21T13:39:45","slug":"convenios","status":"publish","type":"page","link":"https:\/\/beta.marketingdigitalmedicos.com.br\/ruben-berta\/convenios\/","title":{"rendered":"Conv\u00eanios"},"content":{"rendered":"\n<p>Atendemos particular e por conv\u00eanio, sempre com foco em acolhimento e agilidade no cuidado.<\/p>\n\n\n\n<p>O Hospital Ruben Berta realiza atendimentos tanto na modalidade <strong>particular<\/strong> quanto por meio de uma ampla rede de <strong>conv\u00eanios m\u00e9dicos<\/strong>, garantindo mais comodidade e acesso a tratamentos de qualidade.<\/p>\n\n\n\n<p><strong>Importante:<\/strong> Cada conv\u00eanio possui regras e coberturas espec\u00edficas. Por isso, recomendamos verificar diretamente com sua operadora ou com nossa equipe se o seu plano cobre o procedimento ou servi\u00e7o desejado.<\/p>\n\n\n\n<h2 class=\"wp-block-heading\"><strong>Como agendar<\/strong><\/h2>\n\n\n\n<p>Para marcar consultas, exames ou verificar coberturas:<br>Ligue para (11) 5908-6474<br>Atendimento de segunda a sexta, das 7h \u00e0s 19h<\/p>\n\n\n\n<p>O Hospital Ruben Berta atende no modelo \u201cParticular\u201d e disp\u00f5e tamb\u00e9m de uma ampla lista de conv\u00eanios, permitindo assim que os clientes tenham um atendimento r\u00e1pido e eficaz.<\/p>\n\n\n\n<ul class=\"wp-block-list\">\n<li>Atendimento Particular<\/li>\n\n\n\n<li>Atendimento atrav\u00e9s de Conv\u00eanios M\u00e9dicos<\/li>\n<\/ul>\n\n\n\n<p><strong>Obs:<\/strong>&nbsp;Cada um dos conv\u00eanios atendidos pelo Hospital Ruben Berta possui um servi\u00e7o diferenciado, portanto verifique com aten\u00e7\u00e3o se o seu plano d\u00e1 cobertura para o que voc\u00ea tem necessidade de realizar.<\/p>\n\n\n\n<p>Para marcar uma Consulta ou Exame por telefone ligue\u00a0<a href=\"https:\/\/api.whatsapp.com\/send?phone=551159086474\" target=\"_blank\" rel=\"noreferrer noopener\">(11) 5908-6474<\/a> \u00a0\u00a0 \u00a0\u00a0 \u00a0<\/p>\n","protected":false},"excerpt":{"rendered":"<p>Atendemos particular e por conv\u00eanio, sempre com foco em acolhimento e agilidade no cuidado. O Hospital Ruben Berta realiza atendimentos tanto na modalidade particular quanto por meio de uma ampla rede de conv\u00eanios m\u00e9dicos, garantindo mais comodidade e acesso a tratamentos de qualidade. Importante: Cada conv\u00eanio possui regras e coberturas espec\u00edficas. Por isso, recomendamos verificar [&hellip;]<\/p>\n","protected":false},"author":1,"featured_media":0,"parent":0,"menu_order":0,"comment_status":"closed","ping_status":"closed","template":"templates\/convenio.php","meta":{"_acf_changed":false,"footnotes":""},"class_list":["post-120578","page","type-page","status-publish","hentry"],"acf":[],"_links":{"self":[{"href":"https:\/\/beta.marketingdigitalmedicos.com.br\/ruben-berta\/wp-json\/wp\/v2\/pages\/120578","targetHints":{"allow":["GET"]}}],"collection":[{"href":"https:\/\/beta.marketingdigitalmedicos.com.br\/ruben-berta\/wp-json\/wp\/v2\/pages"}],"about":[{"href":"https:\/\/beta.marketingdigitalmedicos.com.br\/ruben-berta\/wp-json\/wp\/v2\/types\/page"}],"author":[{"embeddable":true,"href":"https:\/\/beta.marketingdigitalmedicos.com.br\/ruben-berta\/wp-json\/wp\/v2\/users\/1"}],"replies":[{"embeddable":true,"href":"https:\/\/beta.marketingdigitalmedicos.com.br\/ruben-berta\/wp-json\/wp\/v2\/comments?post=120578"}],"version-history":[{"count":5,"href":"https:\/\/beta.marketingdigitalmedicos.com.br\/ruben-berta\/wp-json\/wp\/v2\/pages\/120578\/revisions"}],"predecessor-version":[{"id":120646,"href":"https:\/\/beta.marketingdigitalmedicos.com.br\/ruben-berta\/wp-json\/wp\/v2\/pages\/120578\/revisions\/120646"}],"wp:attachment":[{"href":"https:\/\/beta.marketingdigitalmedicos.com.br\/ruben-berta\/wp-json\/wp\/v2\/media?parent=120578"}],"curies":[{"name":"wp","href":"https:\/\/api.w.org\/{rel}","templated":true}]}}