{"id":120822,"date":"2025-05-27T12:48:11","date_gmt":"2025-05-27T15:48:11","guid":{"rendered":"https:\/\/beta.marketingdigitalmedicos.com.br\/ruben-berta\/?page_id=120822"},"modified":"2025-05-27T12:48:13","modified_gmt":"2025-05-27T15:48:13","slug":"sac","status":"publish","type":"page","link":"https:\/\/beta.marketingdigitalmedicos.com.br\/ruben-berta\/sac\/","title":{"rendered":"SAC"},"content":{"rendered":"\n<p><br>Aqui voc\u00ea poder\u00e1 tirar suas d\u00favidas, dar sugest\u00f5es ou ainda apresentar sua opini\u00e3o a respeito de nossos servi\u00e7os.<\/p>\n\n\n\n<p>Opini\u00f5es sobre o nosso atendimento contribuem para aprimorar ainda mais os nossos servi\u00e7os. Utilize o formul\u00e1rio abaixo para expressar suas opini\u00f5es, cr\u00edticas e sugest\u00f5es, que ser\u00e3o tratadas com total sigilo e respondidas o mais breve poss\u00edvel.<\/p>\n\n\n\n<div class=\"wp-block-columns is-layout-flex wp-container-core-columns-is-layout-9d6595d7 wp-block-columns-is-layout-flex\">\n<div class=\"wp-block-column is-layout-flow wp-block-column-is-layout-flow\" style=\"flex-basis:75%\"><div class=\"wpforms-container wpforms-container-full wpforms-block wpforms-block-e119f50f-23c9-4e16-b9f0-528dcea46d90 form-html wpforms-render-modern\" id=\"wpforms-120799\"><form id=\"wpforms-form-120799\" class=\"wpforms-validate wpforms-form wpforms-ajax-form\" data-formid=\"120799\" method=\"post\" enctype=\"multipart\/form-data\" action=\"\/ruben-berta\/wp-json\/wp\/v2\/pages\/120822\" data-token=\"456dfdf3552815646ab42637467614eb\" data-token-time=\"1776951979\"><noscript class=\"wpforms-error-noscript\">Ative o JavaScript no seu navegador para preencher este formul\u00e1rio.<\/noscript><div class=\"wpforms-hidden\" id=\"wpforms-error-noscript\">Ative o JavaScript no seu navegador para preencher este formul\u00e1rio.<\/div><div class=\"wpforms-field-container\"><div id=\"wpforms-120799-field_3-container\" class=\"wpforms-field wpforms-field-text\" data-field-id=\"3\"><label class=\"wpforms-field-label wpforms-label-hide\" for=\"wpforms-120799-field_3\" aria-hidden=\"false\">Nome <span class=\"wpforms-required-label\" aria-hidden=\"true\">*<\/span><\/label><input type=\"text\" id=\"wpforms-120799-field_3\" class=\"wpforms-field-large wpforms-field-required\" name=\"wpforms[fields][3]\" placeholder=\"Nome\" aria-errormessage=\"wpforms-120799-field_3-error\" required><\/div><div id=\"wpforms-120799-field_11-container\" class=\"wpforms-field wpforms-field-text\" data-field-id=\"11\"><label class=\"wpforms-field-label wpforms-label-hide\" for=\"wpforms-120799-field_11\" aria-hidden=\"false\">Email<\/label><input type=\"text\" id=\"wpforms-120799-field_11\" class=\"wpforms-field-large\" name=\"wpforms[fields][11]\" placeholder=\"E-mail\" aria-errormessage=\"wpforms-120799-field_11-error\" ><\/div><div id=\"wpforms-120799-field_13-container\" class=\"wpforms-field wpforms-field-text\" data-field-id=\"13\"><label class=\"wpforms-field-label wpforms-label-hide\" for=\"wpforms-120799-field_13\" aria-hidden=\"false\">Telefone <span class=\"wpforms-required-label\" aria-hidden=\"true\">*<\/span><\/label><input type=\"text\" id=\"wpforms-120799-field_13\" class=\"wpforms-field-large wpforms-field-required wpforms-masked-input\" data-rule-inputmask-incomplete=\"1\" data-inputmask-mask=\"(99) 99999-9999\" name=\"wpforms[fields][13]\" placeholder=\"Telefone\" aria-errormessage=\"wpforms-120799-field_13-error\" required><\/div><div id=\"wpforms-120799-field_9-container\" class=\"wpforms-field wpforms-field-select wpforms-field-select-style-modern\" data-field-id=\"9\"><label class=\"wpforms-field-label wpforms-label-hide\" for=\"wpforms-120799-field_9\" aria-hidden=\"false\">Setor <span class=\"wpforms-required-label\" aria-hidden=\"true\">*<\/span><\/label><select id=\"wpforms-120799-field_9\" class=\"wpforms-field-large wpforms-field-required choicesjs-select\" data-size-class=\"wpforms-field-row wpforms-field-large\" data-search-enabled=\"\" name=\"wpforms[fields][9]\" required=\"required\"><option value=\"\" class=\"placeholder\" disabled  selected='selected'>Setor &#8211; selecione uma op\u00e7\u00e3o<\/option><option value=\"Central\" >Central<\/option><option value=\"Departamento de Vendas\" >Departamento de Vendas<\/option><option value=\"Departamento de Compras\" >Departamento de Compras<\/option><option value=\"Engenharia\" >Engenharia<\/option><option value=\"Marketing\" >Marketing<\/option><\/select><\/div><div id=\"wpforms-120799-field_8-container\" class=\"wpforms-field wpforms-field-text\" data-field-id=\"8\"><label class=\"wpforms-field-label wpforms-label-hide\" for=\"wpforms-120799-field_8\" aria-hidden=\"false\">Assunto<\/label><input type=\"text\" id=\"wpforms-120799-field_8\" class=\"wpforms-field-large\" name=\"wpforms[fields][8]\" placeholder=\"Assunto\" aria-errormessage=\"wpforms-120799-field_8-error\" ><\/div><div id=\"wpforms-120799-field_2-container\" class=\"wpforms-field wpforms-field-textarea\" data-field-id=\"2\"><label class=\"wpforms-field-label wpforms-label-hide\" for=\"wpforms-120799-field_2\" aria-hidden=\"false\">Mensagem <span class=\"wpforms-required-label\" aria-hidden=\"true\">*<\/span><\/label><textarea id=\"wpforms-120799-field_2\" class=\"wpforms-field-medium wpforms-field-required\" name=\"wpforms[fields][2]\" placeholder=\"Mensagem\" aria-errormessage=\"wpforms-120799-field_2-error\" required><\/textarea><\/div><\/div><!-- .wpforms-field-container --><div class=\"wpforms-submit-container\" ><input type=\"hidden\" name=\"wpforms[id]\" value=\"120799\"><input type=\"hidden\" name=\"page_title\" value=\"\"><input type=\"hidden\" name=\"page_url\" value=\"https:\/\/beta.marketingdigitalmedicos.com.br\/ruben-berta\/wp-json\/wp\/v2\/pages\/120822\"><input type=\"hidden\" name=\"url_referer\" value=\"\"><button type=\"submit\" name=\"wpforms[submit]\" id=\"wpforms-submit-120799\" class=\"wpforms-submit bt bt-primary bdr-30\" data-alt-text=\"Enviando\u2026\" data-submit-text=\"Enviar\" aria-live=\"assertive\" value=\"wpforms-submit\">Enviar<\/button><img loading=\"lazy\" decoding=\"async\" src=\"https:\/\/beta.marketingdigitalmedicos.com.br\/ruben-berta\/wp-content\/plugins\/wpforms\/assets\/images\/submit-spin.svg\" class=\"wpforms-submit-spinner\" style=\"display: none;\" width=\"26\" height=\"26\" alt=\"Carregando\"><\/div><\/form><\/div>  <!-- .wpforms-container --><\/div>\n<\/div>\n","protected":false},"excerpt":{"rendered":"<p>Aqui voc\u00ea poder\u00e1 tirar suas d\u00favidas, dar sugest\u00f5es ou ainda apresentar sua opini\u00e3o a respeito de nossos servi\u00e7os. Opini\u00f5es sobre o nosso atendimento contribuem para aprimorar ainda mais os nossos servi\u00e7os. Utilize o formul\u00e1rio abaixo para expressar suas opini\u00f5es, cr\u00edticas e sugest\u00f5es, que ser\u00e3o tratadas com total sigilo e respondidas o mais breve poss\u00edvel.<\/p>\n","protected":false},"author":1,"featured_media":0,"parent":0,"menu_order":0,"comment_status":"closed","ping_status":"closed","template":"","meta":{"_acf_changed":false,"footnotes":""},"class_list":["post-120822","page","type-page","status-publish","hentry"],"acf":[],"_links":{"self":[{"href":"https:\/\/beta.marketingdigitalmedicos.com.br\/ruben-berta\/wp-json\/wp\/v2\/pages\/120822","targetHints":{"allow":["GET"]}}],"collection":[{"href":"https:\/\/beta.marketingdigitalmedicos.com.br\/ruben-berta\/wp-json\/wp\/v2\/pages"}],"about":[{"href":"https:\/\/beta.marketingdigitalmedicos.com.br\/ruben-berta\/wp-json\/wp\/v2\/types\/page"}],"author":[{"embeddable":true,"href":"https:\/\/beta.marketingdigitalmedicos.com.br\/ruben-berta\/wp-json\/wp\/v2\/users\/1"}],"replies":[{"embeddable":true,"href":"https:\/\/beta.marketingdigitalmedicos.com.br\/ruben-berta\/wp-json\/wp\/v2\/comments?post=120822"}],"version-history":[{"count":1,"href":"https:\/\/beta.marketingdigitalmedicos.com.br\/ruben-berta\/wp-json\/wp\/v2\/pages\/120822\/revisions"}],"predecessor-version":[{"id":120823,"href":"https:\/\/beta.marketingdigitalmedicos.com.br\/ruben-berta\/wp-json\/wp\/v2\/pages\/120822\/revisions\/120823"}],"wp:attachment":[{"href":"https:\/\/beta.marketingdigitalmedicos.com.br\/ruben-berta\/wp-json\/wp\/v2\/media?parent=120822"}],"curies":[{"name":"wp","href":"https:\/\/api.w.org\/{rel}","templated":true}]}}