{"id":7259,"date":"2025-05-19T14:23:42","date_gmt":"2025-05-19T17:23:42","guid":{"rendered":"https:\/\/beta.marketingdigitalmedicos.com.br\/ruben-berta\/?page_id=7259"},"modified":"2026-03-30T14:34:44","modified_gmt":"2026-03-30T17:34:44","slug":"estrutura","status":"publish","type":"page","link":"https:\/\/beta.marketingdigitalmedicos.com.br\/ruben-berta\/estrutura\/","title":{"rendered":"Estrutura"},"content":{"rendered":"\n<p>No Hospital Ruben Berta, acreditamos que um ambiente acolhedor faz toda a diferen\u00e7a no cuidado com a sa\u00fade. Nossa estrutura foi cuidadosamente planejada para oferecer conforto e seguran\u00e7a a todos os pacientes e seus familiares, em todas as etapas do atendimento.<\/p>\n\n\n\n<p>Al\u00e9m de contar com equipamentos modernos e tecnologia de ponta, o hospital preserva um ambiente humanizado e acess\u00edvel, garantindo que todos sejam tratados com respeito, dedica\u00e7\u00e3o e carinho. Neste texto, convidamos voc\u00ea a conhecer um pouco mais sobre os espa\u00e7os e servi\u00e7os que fazem do Hospital Ruben Berta um lugar \u00fanico para cuidar da sa\u00fade.<\/p>\n","protected":false},"excerpt":{"rendered":"<p>No Hospital Ruben Berta, acreditamos que um ambiente acolhedor faz toda a diferen\u00e7a no cuidado com a sa\u00fade. Nossa estrutura foi cuidadosamente planejada para oferecer conforto e seguran\u00e7a a todos os pacientes e seus familiares, em todas as etapas do atendimento. Al\u00e9m de contar com equipamentos modernos e tecnologia de ponta, o hospital preserva um [&hellip;]<\/p>\n","protected":false},"author":1,"featured_media":7260,"parent":0,"menu_order":0,"comment_status":"closed","ping_status":"closed","template":"templates\/estrutura.php","meta":{"_acf_changed":false,"footnotes":""},"class_list":["post-7259","page","type-page","status-publish","has-post-thumbnail","hentry"],"acf":[],"_links":{"self":[{"href":"https:\/\/beta.marketingdigitalmedicos.com.br\/ruben-berta\/wp-json\/wp\/v2\/pages\/7259","targetHints":{"allow":["GET"]}}],"collection":[{"href":"https:\/\/beta.marketingdigitalmedicos.com.br\/ruben-berta\/wp-json\/wp\/v2\/pages"}],"about":[{"href":"https:\/\/beta.marketingdigitalmedicos.com.br\/ruben-berta\/wp-json\/wp\/v2\/types\/page"}],"author":[{"embeddable":true,"href":"https:\/\/beta.marketingdigitalmedicos.com.br\/ruben-berta\/wp-json\/wp\/v2\/users\/1"}],"replies":[{"embeddable":true,"href":"https:\/\/beta.marketingdigitalmedicos.com.br\/ruben-berta\/wp-json\/wp\/v2\/comments?post=7259"}],"version-history":[{"count":5,"href":"https:\/\/beta.marketingdigitalmedicos.com.br\/ruben-berta\/wp-json\/wp\/v2\/pages\/7259\/revisions"}],"predecessor-version":[{"id":125175,"href":"https:\/\/beta.marketingdigitalmedicos.com.br\/ruben-berta\/wp-json\/wp\/v2\/pages\/7259\/revisions\/125175"}],"wp:featuredmedia":[{"embeddable":true,"href":"https:\/\/beta.marketingdigitalmedicos.com.br\/ruben-berta\/wp-json\/wp\/v2\/media\/7260"}],"wp:attachment":[{"href":"https:\/\/beta.marketingdigitalmedicos.com.br\/ruben-berta\/wp-json\/wp\/v2\/media?parent=7259"}],"curies":[{"name":"wp","href":"https:\/\/api.w.org\/{rel}","templated":true}]}}